{"id":27067,"date":"2018-10-03T12:47:25","date_gmt":"2018-10-03T10:47:25","guid":{"rendered":"http:\/\/www.elsindic.com\/?page_id=27067"},"modified":"2018-10-04T12:59:47","modified_gmt":"2018-10-04T10:59:47","slug":"documents-treball","status":"publish","type":"page","link":"https:\/\/www.elsindic.com\/va\/publicacions-i-descarregues\/xxxiii-jornades-coordinacio-defensors\/documents-treball\/","title":{"rendered":"Documents de treball"},"content":{"rendered":"<div class=\"wpb-content-wrapper\"><p>[vc_row css=&#8221;.vc_custom_1538563623245{padding-top: 30px !important;}&#8221;][vc_column][vc_column_text]En aquest apartat teniu a la vostra disposici\u00f3 els documents de treball de les jornades:<\/p>\n<ul>\n<li><a href=\"http:\/\/www.elsindic.com\/wp-content\/uploads\/2018\/10\/borrador-propuesta-declaracion-defensorias.pdf\" target=\"_blank\" rel=\"noopener\">Borrador de la propuesta de declaraci\u00f3n de defensor\u00edas (Provisional)<\/a><\/li>\n<li><a href=\"http:\/\/www.elsindic.com\/wp-content\/uploads\/2018\/10\/documento-de-sintesis-atencion-a-las-mujeres-y-a-menores-victimas-de-violencia-de-genero.pdf\" target=\"_blank\" rel=\"noopener\">Documento de s\u00edntesis de Atenci\u00f3n a las mujeres y a menores v\u00edctimas de violencia de g\u00e9nero (Provisional)<\/a><\/li>\n<\/ul>\n<p>[\/vc_column_text][\/vc_column][\/vc_row]<\/p>\n<\/div>","protected":false},"excerpt":{"rendered":"<p>[vc_row css=&#8221;.vc_custom_1538563623245{padding-top: 30px !important;}&#8221;][vc_column][vc_column_text]En aquest apartat teniu a la vostra disposici\u00f3 els documents de treball de les jornades: Borrador de la propuesta de declaraci\u00f3n de defensor\u00edas (Provisional) Documento de s\u00edntesis de Atenci\u00f3n a las mujeres y a menores v\u00edctimas de violencia de g\u00e9nero (Provisional) [\/vc_column_text][\/vc_column][\/vc_row]<\/p>\n","protected":false},"author":5,"featured_media":0,"parent":26809,"menu_order":0,"comment_status":"closed","ping_status":"closed","template":"","meta":{"footnotes":""},"class_list":["post-27067","page","type-page","status-publish","hentry"],"_links":{"self":[{"href":"https:\/\/www.elsindic.com\/va\/wp-json\/wp\/v2\/pages\/27067"}],"collection":[{"href":"https:\/\/www.elsindic.com\/va\/wp-json\/wp\/v2\/pages"}],"about":[{"href":"https:\/\/www.elsindic.com\/va\/wp-json\/wp\/v2\/types\/page"}],"author":[{"embeddable":true,"href":"https:\/\/www.elsindic.com\/va\/wp-json\/wp\/v2\/users\/5"}],"replies":[{"embeddable":true,"href":"https:\/\/www.elsindic.com\/va\/wp-json\/wp\/v2\/comments?post=27067"}],"version-history":[{"count":3,"href":"https:\/\/www.elsindic.com\/va\/wp-json\/wp\/v2\/pages\/27067\/revisions"}],"predecessor-version":[{"id":27089,"href":"https:\/\/www.elsindic.com\/va\/wp-json\/wp\/v2\/pages\/27067\/revisions\/27089"}],"up":[{"embeddable":true,"href":"https:\/\/www.elsindic.com\/va\/wp-json\/wp\/v2\/pages\/26809"}],"wp:attachment":[{"href":"https:\/\/www.elsindic.com\/va\/wp-json\/wp\/v2\/media?parent=27067"}],"curies":[{"name":"wp","href":"https:\/\/api.w.org\/{rel}","templated":true}]}}

<div class="wpb-content-wrapper"><p>[vc_row css=&#8221;.vc_custom_1538563623245{padding-top: 30px !important;}&#8221;][vc_column][vc_column_text]En aquest apartat teniu a la vostra disposició els documents de treball de les jornades:</p>
<ul>
<li><a href="http://www.elsindic.com/wp-content/uploads/2018/10/borrador-propuesta-declaracion-defensorias.pdf" target="_blank" rel="noopener">Borrador de la propuesta de declaración de defensorías (Provisional)</a></li>
<li><a href="http://www.elsindic.com/wp-content/uploads/2018/10/documento-de-sintesis-atencion-a-las-mujeres-y-a-menores-victimas-de-violencia-de-genero.pdf" target="_blank" rel="noopener">Documento de síntesis de Atención a las mujeres y a menores víctimas de violencia de género (Provisional)</a></li>
</ul>
<p>[/vc_column_text][/vc_column][/vc_row]</p>
</div>

<p>[vc_row css=&#8221;.vc_custom_1538563623245{padding-top: 30px !important;}&#8221;][vc_column][vc_column_text]En aquest apartat teniu a la vostra disposició els documents de treball de les jornades: Borrador de la propuesta de declaración de defensorías (Provisional) Documento de síntesis de Atención a las mujeres y a menores víctimas de violencia de género (Provisional) [/vc_column_text][/vc_column][/vc_row]</p>
