{"id":33120,"date":"2024-10-16T12:55:45","date_gmt":"2024-10-16T10:55:45","guid":{"rendered":"https:\/\/www.elsindic.com\/?page_id=33120"},"modified":"2025-02-28T12:33:59","modified_gmt":"2025-02-28T11:33:59","slug":"ix-jornada-infancia-adolescencia","status":"publish","type":"page","link":"https:\/\/www.elsindic.com\/va\/altres-documents\/ix-jornada-infancia-adolescencia\/","title":{"rendered":"IX JORNADA D&#8217;INF\u00c0NCIA I ADOLESC\u00c8NCIA"},"content":{"rendered":"<p><b>La salut mental de xiquets, xiquetes i adolescents<\/b><\/p>\n<p><span class=\"TextRun SCXW93250837 BCX8\" lang=\"CA-ES\" xml:lang=\"CA-ES\" data-contrast=\"auto\"><span class=\"NormalTextRun SCXW93250837 BCX8\">Despr\u00e9s de veure&#8217;ns obligats a cancel\u00b7lar la IX Jornada del S\u00edndic sobre Inf\u00e0ncia i Adolesc\u00e8ncia per la trag\u00e8dia de la <\/span><span class=\"NormalTextRun SpellingErrorV2Themed SCXW93250837 BCX8\">d<\/span><span class=\"NormalTextRun SpellingErrorV2Themed SCXW93250837 BCX8\">ana<\/span><span class=\"NormalTextRun SCXW93250837 BCX8\">, vam celebrar esta activitat l&#8217;11 de febrer de 2025. Tal com ja avan\u00e7\u00e0vem, en esta novena edici\u00f3, el tema central de la jornada va ser la salut mental <\/span><span class=\"NormalTextRun SpellingErrorV2Themed SCXW93250837 BCX8\">infantojuvenil. L<\/span><\/span>&#8216;esdeveniment va tindre lloc en la Sala d&#8217;actes de la Facultat d&#8217;Educaci\u00f3, de la Universitat d&#8217;Alacant.<\/p>\n<p>Per a qualsevol dubte o consulta, es poden posar en contacte amb nosaltres a trav\u00e9s del tel\u00e8fon 900 210 970 o el correu electr\u00f2nic: <a href=\"mailto:sgarcia@elsindic.com\">sgarcia@elsindic.com<\/a><\/p>\n<h4>Gravaci\u00f3 de la jornada<\/h4>\n<p><strong>Confer\u00e8ncia inaugural: \u201c<a href=\"https:\/\/youtu.be\/_Rv2yfZziWY?si=01R_UWana2nfEiHE\">Pol\u00edticas p\u00fablicas de salud mental en la infancia y la adolescencia en la Comunitat Valenciana<\/a>\u201d<\/strong><\/p>\n<ul>\n<li>Bartolom\u00e9 P\u00e9rez G\u00e1lvez. Psiquiatre. Director general de Salut Mental i Addiccions de la Generalitat Valenciana.<\/li>\n<\/ul>\n<p><strong>Pon\u00e8ncia: <a href=\"https:\/\/youtu.be\/fwtuoo713-A?si=I2oG3X1I-SZW_DqK\">\u201cOrigen del malestar emocional de los ni\u00f1os, ni\u00f1as y adolescentes en la sociedad actual<\/a>\u201d<\/strong><\/p>\n<ul>\n<li>Miguel \u00c1ngel Mateo P\u00e9rez. Soci\u00f2leg i catedr\u00e0tic de la Universitat d\u2019Alacant.<\/li>\n<\/ul>\n<p><strong>Taula redona: <a href=\"https:\/\/youtu.be\/a_dqLR_wAWM?si=Uhnzt-W_ENgriVre\">\u201cPrevenci\u00f3 i intervenci\u00f3 comunit\u00e0ria en salut mental a la Comunitat Valenciana. An\u00e0lisi i propostes\u201d<\/a><\/strong><\/p>\n<ul>\n<li>Jos\u00e9 Lu\u00eds Jacobo Rico. Equip Espec\u00edfic d\u2019Intervenci\u00f3 amb Inf\u00e0ncia i Adolesc\u00e8ncia (EEIIA) de l\u2019Ajuntament de Petrer.<\/li>\n<li>Auxi Javaloyes Sanch\u00eds. Psiquiatra en la Unitat de Salut Mental Infantil d\u2019Alacant.<\/li>\n<li>Toni Gonz\u00e1lez Picornell. Director d\u2019IES i president de l\u2019Associaci\u00f3 de directores i directors dels instituts d\u2019Educaci\u00f3 Secund\u00e0ria del Pa\u00eds Valenci\u00e0 (ADIESPV).<\/li>\n<li>Nicol\u00e1s Cond\u00e9s Balboa. Psic\u00f2leg. Terapeuta coordinador de Projecte Home.<\/li>\n<\/ul>\n<p><strong>Pon\u00e8ncia: \u201c<a href=\"https:\/\/youtu.be\/YUinTkjDICY?si=DU9u_0UQpTDoKaV4\">Experiencia del Programa de Enlace de Salud Mental y Educaci\u00f3n del Servicio de Psiquiatr\u00eda del Ni\u00f1o y del Adolescente del Hospital General Universitario Gregorio Mara\u00f1\u00f3n de Madrid<\/a>\u201d<\/strong><\/p>\n<ul>\n<li>Jorge Vidal de la Fuente. Psiquiatre i coordinador del \u201cPrograma de Enlace de Salud Mental y Educaci\u00f3n\u201d.<\/li>\n<li>Nuria L\u00f3pez-Barraj\u00f3n Castillo. Psic\u00f2loga. Cap del Departament d\u2019Orientaci\u00f3 de l\u2019IES Rey Pastor, Comunitat de Madrid<\/li>\n<\/ul>\n<p>&nbsp;<\/p>\n","protected":false},"excerpt":{"rendered":"<p>La salut mental de xiquets, xiquetes i adolescents Despr\u00e9s de veure&#8217;ns obligats a cancel\u00b7lar la IX Jornada del S\u00edndic sobre Inf\u00e0ncia i Adolesc\u00e8ncia per la trag\u00e8dia de la dana, vam celebrar esta activitat l&#8217;11 de febrer de 2025. Tal com ja avan\u00e7\u00e0vem, en esta novena edici\u00f3, el tema central de la jornada va ser la [&hellip;]<\/p>\n","protected":false},"author":5,"featured_media":0,"parent":10683,"menu_order":0,"comment_status":"closed","ping_status":"closed","template":"","meta":{"footnotes":""},"class_list":["post-33120","page","type-page","status-publish","hentry"],"_links":{"self":[{"href":"https:\/\/www.elsindic.com\/va\/wp-json\/wp\/v2\/pages\/33120"}],"collection":[{"href":"https:\/\/www.elsindic.com\/va\/wp-json\/wp\/v2\/pages"}],"about":[{"href":"https:\/\/www.elsindic.com\/va\/wp-json\/wp\/v2\/types\/page"}],"author":[{"embeddable":true,"href":"https:\/\/www.elsindic.com\/va\/wp-json\/wp\/v2\/users\/5"}],"replies":[{"embeddable":true,"href":"https:\/\/www.elsindic.com\/va\/wp-json\/wp\/v2\/comments?post=33120"}],"version-history":[{"count":22,"href":"https:\/\/www.elsindic.com\/va\/wp-json\/wp\/v2\/pages\/33120\/revisions"}],"predecessor-version":[{"id":33493,"href":"https:\/\/www.elsindic.com\/va\/wp-json\/wp\/v2\/pages\/33120\/revisions\/33493"}],"up":[{"embeddable":true,"href":"https:\/\/www.elsindic.com\/va\/wp-json\/wp\/v2\/pages\/10683"}],"wp:attachment":[{"href":"https:\/\/www.elsindic.com\/va\/wp-json\/wp\/v2\/media?parent=33120"}],"curies":[{"name":"wp","href":"https:\/\/api.w.org\/{rel}","templated":true}]}}

IX JORNADA D&#8217;INFÀNCIA I ADOLESCÈNCIA

<p><b>La salut mental de xiquets, xiquetes i adolescents</b></p>
<p><span class="TextRun SCXW93250837 BCX8" lang="CA-ES" xml:lang="CA-ES" data-contrast="auto"><span class="NormalTextRun SCXW93250837 BCX8">Després de veure&#8217;ns obligats a cancel·lar la IX Jornada del Síndic sobre Infància i Adolescència per la tragèdia de la </span><span class="NormalTextRun SpellingErrorV2Themed SCXW93250837 BCX8">d</span><span class="NormalTextRun SpellingErrorV2Themed SCXW93250837 BCX8">ana</span><span class="NormalTextRun SCXW93250837 BCX8">, vam celebrar esta activitat l&#8217;11 de febrer de 2025. Tal com ja avançàvem, en esta novena edició, el tema central de la jornada va ser la salut mental </span><span class="NormalTextRun SpellingErrorV2Themed SCXW93250837 BCX8">infantojuvenil. L</span></span>&#8216;esdeveniment va tindre lloc en la Sala d&#8217;actes de la Facultat d&#8217;Educació, de la Universitat d&#8217;Alacant.</p>
<p>Per a qualsevol dubte o consulta, es poden posar en contacte amb nosaltres a través del telèfon 900 210 970 o el correu electrònic: <a href="mailto:sgarcia@elsindic.com">sgarcia@elsindic.com</a></p>
<h4>Gravació de la jornada</h4>
<p><strong>Conferència inaugural: “<a href="https://youtu.be/_Rv2yfZziWY?si=01R_UWana2nfEiHE">Políticas públicas de salud mental en la infancia y la adolescencia en la Comunitat Valenciana</a>”</strong></p>
<ul>
<li>Bartolomé Pérez Gálvez. Psiquiatre. Director general de Salut Mental i Addiccions de la Generalitat Valenciana.</li>
</ul>
<p><strong>Ponència: <a href="https://youtu.be/fwtuoo713-A?si=I2oG3X1I-SZW_DqK">“Origen del malestar emocional de los niños, niñas y adolescentes en la sociedad actual</a>”</strong></p>
<ul>
<li>Miguel Ángel Mateo Pérez. Sociòleg i catedràtic de la Universitat d’Alacant.</li>
</ul>
<p><strong>Taula redona: <a href="https://youtu.be/a_dqLR_wAWM?si=Uhnzt-W_ENgriVre">“Prevenció i intervenció comunitària en salut mental a la Comunitat Valenciana. Anàlisi i propostes”</a></strong></p>
<ul>
<li>José Luís Jacobo Rico. Equip Específic d’Intervenció amb Infància i Adolescència (EEIIA) de l’Ajuntament de Petrer.</li>
<li>Auxi Javaloyes Sanchís. Psiquiatra en la Unitat de Salut Mental Infantil d’Alacant.</li>
<li>Toni González Picornell. Director d’IES i president de l’Associació de directores i directors dels instituts d’Educació Secundària del País Valencià (ADIESPV).</li>
<li>Nicolás Condés Balboa. Psicòleg. Terapeuta coordinador de Projecte Home.</li>
</ul>
<p><strong>Ponència: “<a href="https://youtu.be/YUinTkjDICY?si=DU9u_0UQpTDoKaV4">Experiencia del Programa de Enlace de Salud Mental y Educación del Servicio de Psiquiatría del Niño y del Adolescente del Hospital General Universitario Gregorio Marañón de Madrid</a>”</strong></p>
<ul>
<li>Jorge Vidal de la Fuente. Psiquiatre i coordinador del “Programa de Enlace de Salud Mental y Educación”.</li>
<li>Nuria López-Barrajón Castillo. Psicòloga. Cap del Departament d’Orientació de l’IES Rey Pastor, Comunitat de Madrid</li>
</ul>
<p>&nbsp;</p>

<p>La salut mental de xiquets, xiquetes i adolescents Després de veure&#8217;ns obligats a cancel·lar la IX Jornada del Síndic sobre Infància i Adolescència per la tragèdia de la dana, vam celebrar esta activitat l&#8217;11 de febrer de 2025. Tal com ja avançàvem, en esta novena edició, el tema central de la jornada va ser la [&hellip;]</p>
